032 (base 4) to base 7
11666
Convert a5d37 (base 16) to base 10.
679223
What is -2617b0 (base 12) in base 7?
-5212002
-181202 (base 9) to base 2
-11011011100101110
-20177656 (base 8) to base 12
-151517a
What is -27572 (base 13) in base 7?
-424052
What is 72070 (base 13) in base 4?
301321330
Convert -17157714 (base 9) to base 13.
-1a21911
What is 2797123 (base 10) in base 13?
76c204
-1333230013 (base 4) to base 8
-1775407
-7113716 (base 10) to base 8
-33105764
995364 (base 10) to base 15
149dc9
234d6 (base 15) to base 13
3c270
-82817 (base 11) to base 15
-25bbb
What is 57122 (base 10) in base 12?
29082
f3902 (base 16) to base 6
33214402
What is -1383548 (base 9) in base 2?
-10111010011101000000
What is -76031 (base 11) in base 3?
-12121120212
Convert 6067 (base 10) to base 9.
8281
-10a68 (base 15) to base 16
-ceed
3524540 (base 7) to base 12
194745
12002012010 (base 3) to base 8
303253
122101012 (base 3) to base 11
9577
-100000101110001011110 (base 2) to base 16
-105c5e
What is 1711a2 (base 11) in base 16?
40b8e
What is 10310023 (base 8) in base 13?
5c022a
What is 61106650 (base 7) in base 11?
2959286
Convert -1ca57 (base 14) to base 11.
-50150
What is 10000101001010010110 (base 2) in base 11?
342876
Convert 2783d (base 14) to base 5.
11111123
2022020012021 (base 3) to base 7
13261012
Convert 639a1 (base 11) to base 8.
265557
Convert 696eb (base 16) to base 15.
87e51
What is 12a0065 (base 13) in base 6?
325254520
-43240240 (base 5) to base 12
-1590ab
-180827 (base 13) to base 5
-123214131
-1609840 (base 13) to base 2
-11010111111011110100000
What is 16767761 (base 8) in base 13?
a76bb8
What is -1012304 (base 5) in base 8?
-40303
What is -1380557 (base 10) in base 2?
-101010001000011001101
10121102011 (base 3) to base 11
49399
b905b (base 13) to base 15
68e80
Convert 333258 (base 15) to base 16.
253dd2
Convert -130233301 (base 4) to base 3.
-12222111221
What is -64013413 (base 7) in base 14?
-a0d80a
Convert -101210100021 (base 3) to base 11.
-135631
What is 3a09b (base 12) in base 13?
2a308
Convert 2101253 (base 6) to base 14.
28d57
Convert 20000010000020 (base 3) to base 15.
430679
What is -4314152 (base 7) in base 3?
-222122222212
-1ba15 (base 14) to base 5
-4224304
What is -1aaad0 (base 14) in base 16?
-e850e
What is 11011111000001011110111 (base 2) in base 16?
6f82f7
Convert 35320152 (base 7) to base 16.
2f84c7
-703687 (base 9) to base 12
-180967
What is 125305260 (base 7) in base 14?
10d87a0
-390844 (base 10) to base 5
-100001334
Convert 41034 (base 10) to base 4.
22001022
Convert -311112402 (base 5) to base 7.
-13535554
What is 1640405 (base 7) in base 2?
110111101111001000
What is -2228919 (base 14) in base 15?
-165a6cb
22012133 (base 6) to base 11
4080a7
-141c24 (base 14) to base 12
-297174
What is 110100000010001 (base 2) in base 14?
99cd
324314442 (base 6) to base 4
112022230322
-564197 (base 11) to base 6
-31132232
Convert 8bd13 (base 14) to base 16.
5306d
Convert 12978ca (base 13) to base 11.
3331209
-32027 (base 10) to base 12
-1664b
-bb6a0 (base 12) to base 6
-5152320
a45a23 (base 11) to base 6
55535420
e9d94 (base 15) to base 10
742189
What is -57309 (base 13) in base 2?
-100110101111101100
Convert -8cd84 (base 16) to base 5.
-121430100
What is -5b01a (base 16) in base 11?
-235075
-101100101110000100 (base 2) to base 4
-230232010
What is 341547 (base 8) in base 11?
79904
Convert 117892b (base 12) to base 2.
1100111100111000110011
Convert 4514108 (base 9) to base 6.
124032355
395b378 (base 12) to base 10
11320652
What is aa912 (base 11) in base 5?
20121242
-1101000101100111 (base 2) to base 5
-3203412
-b17c6 (base 15) to base 9
-1045836
Convert -33177131 (base 8) to base 10.
-7143001
What is -334500 (base 6) in base 16?
-6e64
What is -2493d0 (base 16) in base 5?
-1103202021
-10212020121 (base 3) to base 2
-10010100011011010
What is -32515400 (base 6) in base 11?
-606198
Convert 776105 (base 10) to base 5.
144313410
What is -3cd42 (base 14) in base 6?
-3122022
-42849 (base 10) to base 2
-1010011101100001
-5133312 (base 8) to base 16
-14b6ca
What is -6ba6ba (base 14) in base 10?
-3678300
-11275311 (base 8) to base 16
-257ac9
Convert 725921 (base 13) to base 12.
a88482
-1a7a660 (base 12) to base 9
-11542380
Convert -365876 (base 9) to base 3.
-102012222120
What is -10001001000101110001110 (base 2) in base 9?
-8406084
What is -24371 (base 9) in base 4?
-3333121
What is 22250473 (base 8) in base 14?
8d10cb
Convert 3e6f12 (base 16) to base 3.
21200212201012
Convert 43104434 (base 7) to base 13.
9b4560
-2652601 (base 8) to base 7
-6212361
Convert -22011202212 (base 3) to base 10.
-160943
200112202022 (base 3) to base 15
73268
186a7a (base 13) to base 14
120070
10011110110000011111000 (base 2) to base 8
23660370
Convert 1370206 (base 11) to base 5.
1100414244
Convert -e6964a (base 16) to base 5.
-12332034004
What is 1324200204 (base 5) in base 15?
46291e
What is 4358b7 (base 12) in base 15?
161447
-6502441 (base 10) to base 7
-106161361
What is -1930716 (base 11) in base 9?
-6126754
Convert 3553316 (base 7) to base 8.
1557200
What is -1311312212 (base 4) in base 14?
-c7cc6
-103301012302 (base 4) to base 9
-10667167
Convert -16a364 (base 12) to base 7.
-3216022
What is -39caf0 (base 16) in base 12?
-1327a14
What is -123433403 (base 6) in base 7?
-26346345
-1681781 (base 9) to base 7
-10662223
Convert -550242434 (base 6) to base 3.
-200110212021011
-210221102222 (base 3) to base 2
-1101001011100010011
Convert -514520125 (base 6) to base 3.
-121202110221222
Convert -16a4c9 (base 16) to base 7.
-15420315
What is 340bb3 (base 12) in base 5?
203044114
Convert -171292 (base 10) to base 15.
-35b47
241223033 (base 6) to base 5
2130410240
What is 3275720 (base 8) in base 12?
367468
Convert -21252502 (base 6) to base 10.
-629174
Convert d0ac (base 15) to base 9.
66360
What is -101000111110 (base 2) in base 15?
-b9c
210155 (base 7) to base 5
2123404
Convert -24b73 (base 14) to base 4.
-111333101
Convert 14230554 (base 7) to base 13.
3799aa
Convert 757180 (base 10) to base 6.
24121244
What is -46176 (base 13) in base 5?
-13041232
Convert -60136 (base 15) to base 5.
-34212101
-20b333 (base 12) to base 10
-517143
Convert 2a135 (base 14) to base 6.
2123511
Convert 678b8 (base 12) to base 5.
13402204
Convert -3483338 (base 12) to base 2.
-100110100111111000011100
-ba1711 (base 13) to base 10
-4373227
Convert 634ab8 (base 14) to base 6.
155525430
-399367 (base 12) to base 15
-13b38d
-19654 (base 16) to base 11
-71174
What is 43121131 (base 7) in base 13?
9b60b9
Convert 5c58c (base 14) to base 12.
aaa28
What is -6742c (base 15) in base 14?
-87913
101000201102 (base 3) to base 15
3d71e
30330141 (base 5) to base 13
87a8a
10de03 (base 16) to base 6
35405351
What is 6505224 (base 7) in base 6?
24545320
What is -201120110112 (base 3) in base 5?
-44312000
-11404041 (base 5) to base 2
-11010000100010011
-1b50258 (base 13) to base 9
-18030075
What is -18048 (base 9) in base 14?
-4765
Convert -2531033 (base 6) to base 15.
-2a5cc
Convert -4434412 (base 6) to base 16.
-365a8
-1010101001010010000101 (base 2) to base 7
-32501444
5abba (base 14) to base 16
36290
Convert -101110111110100 (base 2) to base 13.
-ac42
What is 9c5cc3 (base 15) in base 10?
7461633
Convert 60a686a (base 11) to base 14.
160a474
Convert -1402410 (base 5) to base 12.
-14594
Convert 1315234 (base 9) to base 14.
14a043
Convert 37995 (base 11) to base 12.
27601
Convert -131330030 (base 4) to base 8.
-357414
Convert 614181 (base 9) to base 6.
11444501
-324257 (base 11) to base 7
-4255250
-405886 (base 9) to base 15
-4b42c
-1011111011000010011001 (base 2) to base 3
-12212210020121
Convert -832737 (base 14) to base 6.
-234500541
Convert 638312 (base 9) to base 2.
1011100110010011111
-20212001200 (base 3) to base 2
-100000111011111110
Convert -388572 (base 9) to base 5.
-30022222
Convert -18150810 (base 10) to base 2.
-1000101001111010110011010
What is 2497753 (base 10) in base 3?
11200220021101
Convert 185086 (base 14) to base 16.
d1b6e
What is -2bbdb1 (base 15) in base 3?
-10222111101111
11013d (base 14) to base 8
2145753
-31235114 (base 6) to base 15
-12db3a
What is 2616 (base 9) in base 12?
1173
Convert -152072 (base 9) to base 12.
-46055
Convert -3657320 (base 8) to base 16.
-f5ed0
What is 100101